2729 a prime number?
False
Is 23128123 a composite number?
False
Is 76663 prime?
False
Is 43960043 prime?
False
Is 1448737 a prime number?
True
Is 69750077 composite?
False
Is 160501057 composite?
False
Is 3346693 prime?
False
Is 941299 a prime number?
True
Is 2094491 a composite number?
True
Is 96570233 a composite number?
True
Is 3622601 a composite number?
False
Is 9609643 a prime number?
False
Is 37912117 a prime number?
True
Is 37571009 a prime number?
False
Is 1533964609 composite?
True
Is 5370041 prime?
True
Is 119712013 composite?
False
Is 48959531 a composite number?
False
Is 1188443 a prime number?
False
Is 51421297 a prime number?
False
Is 9450037 a prime number?
True
Is 2375539 a composite number?
True
Is 1187881 a prime number?
False
Is 2041523 a prime number?
False
Is 131782043 prime?
False
Is 1661969 composite?
False
Is 9631583 a composite number?
True
Is 213331 prime?
False
Is 1263023 a composite number?
True
Is 1905961 prime?
False
Is 1235453 composite?
True
Is 101578457 composite?
True
Is 183640907 a composite number?
False
Is 31160567 prime?
True
Is 81270547 composite?
False
Is 15462079 a composite number?
True
Is 3867947 prime?
True
Is 7505297 composite?
False
Is 372964729 a composite number?
True
Is 12882677 a prime number?
True
Is 42888971 a prime number?
True
Is 656519 prime?
True
Is 3326465 a composite number?
True
Is 8153153 composite?
False
Is 69738337 prime?
True
Is 6545767 composite?
True
Is 88960787 a composite number?
False
Is 15865303 prime?
True
Is 393959483 a prime number?
False
Is 571483489 composite?
True
Is 2200927 a prime number?
False
Is 622573543 a composite number?
True
Is 94751401 a composite number?
True
Is 5482193 a prime number?
True
Is 5785723 a composite number?
True
Is 4704353 prime?
True
Is 360027907 a composite number?
False
Is 563987 prime?
True
Is 3246527 prime?
True
Is 6142523 composite?
False
Is 7175639 a composite number?
True
Is 13613279 a composite number?
True
Is 185253109 composite?
True
Is 2732893 a prime number?
True
Is 33277247 a composite number?
False
Is 84092137 prime?
True
Is 709097 prime?
True
Is 143347265 a prime number?
False
Is 397798379 composite?
True
Is 324210241 composite?
False
Is 835313 prime?
True
Is 7644437 a prime number?
False
Is 8205391 prime?
True
Is 81097 prime?
True
Is 54021361 a composite number?
True
Is 411874 a prime number?
False
Is 35457293 prime?
True
Is 7647383 composite?
True
Is 4915741 prime?
False
Is 879743 a prime number?
True
Is 61014661 composite?
False
Is 975487 prime?
False
Is 8596031 composite?
False
Is 21318199 a composite number?
True
Is 1504463 prime?
True
Is 159958657 a composite number?
False
Is 569383 composite?
True
Is 9038773 prime?
True
Is 35142326 a prime number?
False
Is 13931 prime?
True
Is 3962471 a prime number?
True
Is 15042829 composite?
False
Is 1808693 a composite number?
True
Is 6110501 a prime number?
True
Is 59755649 a composite number?
False
Is 339961 a composite number?
True
Is 282145285 a prime number?
False
Is 22425937 a composite number?
False
Is 111436433 composite?
False
Is 1740623 composite?
False
Is 909583 a composite number?
True
Is 3799961 a prime number?
False
Is 3253001 a composite number?
True
Is 7582327 prime?
True
Is 20379383 prime?
False
Is 32362123 prime?
True
Is 627052177 a composite number?
True
Is 196845313 prime?
False
Is 686417 prime?
True
Is 3306889 prime?
False
Is 95460983 a composite number?
False
Is 13133291 composite?
False
Is 11273579 a composite number?
False
Is 18087665 prime?
False
Is 476232787 composite?
False
Is 782641 composite?
False
Is 219548001 a prime number?
False
Is 1038271217 composite?
False
Is 2732734 a composite number?
True
Is 175185583 a composite number?
False
Is 105198823 a prime number?
True
Is 552464139 composite?
True
Is 899267 prime?
False
Is 135237887 composite?
True
Is 27571055 a prime number?
False
Is 123949879 prime?
False
Is 27789731 a prime number?
True
Is 131877611 a composite number?
True
Is 23258371 composite?
True
Is 3938167 a composite number?
False
Is 3816277 prime?
True
Is 111494389 a composite number?
False
Is 3583529 prime?
True
Is 2872721 a composite number?
False
Is 2151691 composite?
True
Is 3836957 a prime number?
True
Is 9142061 prime?
True
Is 20624957 a composite number?
True
Is 7496527 a prime number?
False
Is 15066083 composite?
False
Is 1124351 composite?
False
Is 11595619 composite?
True
Is 111363869 composite?
False
Is 8081891 composite?
True
Is 516983 composite?
True
Is 51571553 composite?
True
Is 214281391 a prime number?
False
Is 12191917 composite?
False
Is 15685167 composite?
True
Is 559853 a prime number?
False
Is 56976149 a composite number?
False
Is 727807 composite?
False
Is 758007661 prime?
True
Is 1215103 composite?
False
Is 1131547 composite?
False
Is 1163999 a composite number?
True
Is 75743923 a composite number?
False
Is 201173417 prime?
True
Is 1650923 prime?
True
Is 11860031 a prime number?
True
Is 1086859 a composite number?
False
Is 849691 a prime number?
True
Is 12561173 composite?
True
Is 55563161 prime?
True
Is 6481381 a composite number?
False
Is 18290365 a composite number?
True
Is 2261962 prime?
False
Is 1645087 a composite number?
False
Is 764429 composite?
True
Is 37573867 a composite number?
False
Is 16315561 a prime number?
True
Is 8627251 a composite number?
False
Is 757241 prime?
True
Is 46457531 a composite number?
False
Is 4696015 a prime number?
False
Is 19563487 a prime number?
False
Is 1430043 a composite number?
True
Is 50865467 a composite number?
True
Is 185549201 a prime number?
True
Is 2070337 prime?
False
Is 37110037 a composite number?
False
Is 1484095 a composite number?
True
Is 96063013 composite?
False
Is 50462123 a composite number?
False
Is 4482971 prime?
True
Is 23228665 a composite number?
True
Is 1409017 prime?
True
Is 6696541 prime?
False
Is 174254261 a composite number?
False
Is 4500101 a prime number?
False
Is 960563 a prime number?
False
Is 402823 a composite number?
False
Is 20706869 prime?
True
Is 423118595 composite?
True
Is 5392117 a prime number?
False
Is 7763711 a composite number?
True
Is 108046417 a prime number?
False
Is 47024345 a composite number?
True
Is 154177 composite?
True
Is 11647877 composite?
True
Is 24842737 composite?
True
Is 9659719 composite?
False
Is 17306983 composite?
False
Is 500079 a composite number?
True
Is 4438367 a prime number?
False
Is 2686133 prime?
True
Is 919499 prime?
False
Is 17735741 a composite number?
False
Is 411829937 a prime number?
True
Is 4844311 a prime number?
True
Is 1855127 a composite number?
True
Is 7307089 a prime number?
True
Is 70353457 a prime number?
True
Is 14747861 a composite number?
False
Is 36083293 prime?
True
Is 2926897 a prime number?
True
Is 13706599 composite?
False
Is 1219457 prime?
True
Is 12233839 composite?
True
Is 119714449 a composite number?
True
Is 16822097 prime?
True
Is 3675337 prime?
True
Is 121117 a composite number?
True
Is 4391 a prime number?
True
Is 9074539 prime?
False
Is 3074821 prime?
True
Is 14098078 a composite number?
True
Is 390855145 composite?
True
Is 7644991 prime?
True
Is 109319957 a prime number?
True
Is 4174369 a prime number?
True
Is 556231009 composite?
False
Is 244973969 composite?
False
Is 285116341 prime?
True
Is 27509917 a prime number?
True
Is 1468781 a prime number?
True
Is 2461297 a prime number?
True
Is 20621609 a prime number?
True
Is 26906371 prime?
True
Is 26016629 composite?
False
Is 23159 a composite number?
False
Is 29723123 a composite number?
True
Is 1093801 a prime number?
False
Is 168711663 prime?
False
Is 24919421 a prime number?
True
Is 44339583 a prime number?
False
Is 2323297 composite?
False
Is 7519927 a composite number?
True
Is 42303581 composite?
False
Is 36312973 composite?
False
Is 417885679 a prime number?
False
Is 27807449 a prime number?
True
Is 187228693 a prime number?
True
Is 13344613 prime?
True
Is 1271318 prime?
False
Is 189137873 prime?
True
Is 45290989 composite?
True
Is 17679239 a prime number?
True
Is 23893381 a prime number?
False
Is 509449 prime?
True
Is 16332177 a composite number?
True
Is 29576807 a prime number?
False
Is 117862289 a composite number?
False
Is 186224867 prime?
True
Is 77124955 a prime number?
False
Is 9551287 a composite number?
Fal